+ u + 2. Let f be r(-1). Is n(f) prime?
True
Let w = 77001 - 46648. Is w a composite number?
True
Suppose 3067 = -2*q + 4*f + 54493, 0 = -4*q - 2*f + 102872. Is q prime?
True
Let g(y) = -y**3 - y**2 - y. Let c be g(-2). Is ((-1611)/(-54))/(1/c) prime?
True
Suppose 11*k - 3746067 = -28*k. Is k prime?
True
Let z(c) = c - 4. Let y be -2 + ((-36)/(-4))/1. Let x be z(y). Suppose -7*q + 3*q = 4*h - 1876, -q = -x*h + 1399. Is h a composite number?
False
Is 20420/15 + (-2)/6 a prime number?
True
Suppose -45 + 20 = -5*v. Suppose 3*g + i - 4420 = 0, 2*g - v*g = 3*i - 4422. Is g a prime number?
False
Suppose -2*q - 2*k = 396, 4*q - 592 = 7*q + k. Let p = 968 + q. Is p a composite number?
True
Suppose -4*l + 16 + 6 = -2*f, -l = f - 4. Suppose 3*q - 2166 = -l*w - 133, -2*q = w - 408. Is (-2 - -5) + 0 + w a composite number?
False
Let q be (-6)/(4/2406*-3). Suppose 2*n = -3*y + 1243, q = -0*n + 2*n - 5*y. Is (n/(-10))/(7/(-35)) a prime number?
True
Let u(m) = 10497*m - 136. Is u(5) composite?
True
Let g(d) = 3*d**3 + d**2 - 34*d - 14. Is g(10) a composite number?
True
Let b(z) be the first derivative of 9*z**3 - 3*z**2/2 - 3*z - 21. Is b(-2) prime?
False
Suppose 0 = 2*c - 39 - 31. Suppose -q + 7 = s, 5*q = -10 + c. Is ((-6)/s - -97)*1 composite?
True
Let q be ((-358)/(-3))/((-28)/(-42)). Suppose n - 2*n + q = 0. Let m = n + -97. Is m prime?
False
Let y be ((-35)/(-20))/(2/8). Let q(m) = m - 7. Let n be q(y). Is -2 + 13*(n + 3) prime?
True
Let p be (170/4)/5*2. Suppose 3*r + p - 32 = 0. Suppose r*n + 20 = 0, 5*o + 3*n = 7*n + 141. Is o a prime number?
False
Suppose 0 = -2*r - 2, -10*r = -3*j - 7*r + 31569. Is j a prime number?
False
Let u(w) = 401*w + 37. Is u(2) a prime number?
True
Let o(z) = -z**3 - 3*z**2 + 2*z - 2. Let h(r) = -r + 4. Let l be h(8). Let s be o(l). Suppose q + n - 331 = s*n, 2*n = 0. Is q composite?
False
Let d(t) = 109*t + t**2 - 12 - 111*t + 0. Let f be d(5). Suppose -4*y = 3*w - 795, 2*y = y - f*w + 192. Is y composite?
True
Let q(j) = -7*j - 4. Let t(p) = -p + 13. Let k be t(10). Suppose -r = -k*r - 18. Is q(r) prime?
True
Let r(w) = 2*w**3 - 24*w**2 - 51*w + 48. Is r(23) a prime number?
True
Let y(p) = p**2 + 10*p - 9. Let t be y(-11). Let u be 1512/t - 4 - 1. Suppose 0*c - 3*c - l = -2253, c = l + u. Is c prime?
True
Let x be (145 + 1)*(-7)/(-2). Suppose 0 = 2*r + 3*v - 151 - 132, x = 4*r - 5*v. Is r composite?
True
Is -2*(1 + 6/12) - -2708 prime?
False
Suppose 361589 = 45*h - 26*h. Is h a prime number?
True
Suppose -3*y - 19688 = -92549. Is y prime?
False
Suppose 5*p - 3*d = 2*p + 2433, 0 = -3*p - 3*d + 2433. Suppose -1432 - p = -m. Is m a composite number?
False
Suppose 0 = -4*z - 5*t + 27, -t = 3*z - 3*t - 3. Suppose -8*p = -z*p. Suppose 2*g - 3*g + 85 = p. Is g prime?
False
Let p = -9 - -12. Let i be ((-6)/15)/(p/(-45)). Is ((-374)/i)/(2/(-6)) a composite number?
True
Suppose -2*r + r + 23 = 5*v, -5*r + v + 11 = 0. Is (1364/6)/(-2 - (-8)/r) prime?
False
Suppose 4*h + 655 = 1883. Let n = h - 201. Is (-4 - 18/(-4))*n a prime number?
True
Let z = 19337 - 10620. Is z prime?
False
Let n = -121238 - -277159. Is n prime?
True
Let c(k) = 30*k**2 + 11*k + 7. Let z be c(-6). Suppose z = -9*l + 4432. Is l a prime number?
True
Let v(x) = -4*x + 9. Let i be v(5). Let r(k) = -k**3 - 4*k**2 + 6*k + 10. Is r(i) prime?
False
Let b(i) = -2*i**3 + 16*i**2 + 7*i - 2. Let h be b(6). Let m = h - -121. Is m prime?
False
Let g(o) = 28*o**2 - 55*o - 10. Is g(21) a composite number?
True
Suppose -p - 2*a + 3823 = 2*p, 3*a + 2540 = 2*p. Let j = 1866 - p. Suppose 8*m = 7*m + j. Is m a composite number?
False
Suppose -4*n = -n - 12. Suppose -n*b = 2*x - 106, 4*b - 271 = -0*x - 5*x. Is x a prime number?
False
Let r = 16111 + -6078. Is r a composite number?
True
Suppose -34 = 4*s + 54. Let l be -1 + s*4/8. Let z(o) = o**3 + 14*o**2 + 12*o + 17. Is z(l) prime?
False
Let k(n) = -5 - 3*n + 0 - 3*n. Let w be k(-2). Is (-2)/w - 2075/(-35) composite?
False
Let g(t) = 41*t**2 + 69*t + 21. Is g(-9) prime?
False
Suppose 9*f = -3*s + 14*f + 7722, -2*s - f + 5135 = 0. Is s a composite number?
True
Let r = 33 - 26. Suppose 2*i - 201 = -v, r*v = 3*v + 3*i + 815. Is v a prime number?
False
Let a(k) = 4*k**3 + 4*k**2 + 7*k - 4. Let f be (-126)/(-26) - 14/(-91). Is a(f) composite?
False
Suppose 0 = 1004*i - 999*i - 2465. Is i composite?
True
Suppose 0 = 3*m - 5*n - 18, 5*n = -4*m + 2*m + 12. Suppose -238 + 28 = -m*v. Is v prime?
False
Let z(u) = u**2 + u - 2. Let t be z(3). Let i(m) = m**3 - 9*m**2 + 4*m - 9. Let j be i(t). Let c = j - 49. Is c prime?
False
Suppose 6*j - 1228 = 1520. Let y = -100 + j. Let g = y + -240. Is g composite?
True
Let c = 8362 - 3971. Is c a composite number?
False
Suppose -5*t + 11 - 26 = 0. Is t/8 - 29420/(-32) a prime number?
True
Let j(n) = n + 11. Let s be j(-9). Suppose -4*h = 5*i - 103, h + s*h = 2*i + 60. Is h prime?
False
Let c = 4097 - 2038. Is c a prime number?
False
Suppose -17*z + 641017 = -4*z. Is z prime?
False
Let x(m) = -259*m - 16. Suppose 5*n = -6 - 4. Is x(n) prime?
False
Let m = -5887 + 21386. Is m a composite number?
True
Let x(r) = -r**2 - 6*r + 9. Let o be x(-7). Is 332 + (-1 - 2) + o composite?
False
Let d(t) = t**2 + 7*t - 6. Let s be d(4). Suppose -4*m = 3*b - s, -2*m = 2*m - 20. Suppose 0 = -4*x + b*x - 194. Is x prime?
True
Suppose -f + 2 = h, 4*f - 2*h = -0 + 2. Let w be 1324/((-4)/8 + f). Is (-1)/(4/w*-2) a composite number?
False
Is 2 + 6/((-12)/(-20482)) prime?
True
Let c = -1 + 25. Is (2 + 1)*5968/c composite?
True
Let o(z) = 648*z**2 + z. Let d = -11 - -10. Let j be o(d). Suppose 5*q - 3*b - j = 0, -q = 4*q + 3*b - 623. Is q prime?
True
Suppose 1696*y - 1692*y - 73356 = 0. Is y a composite number?
True
Is 4/(40/6) + (-366008)/(-20) a prime number?
True
Suppose v + 4*m = 1130, -m - 412 = -4*v + 4040. Is v a composite number?
True
Let n(h) = -h**2 + 27*h - 3. Let g(i) = -i + 36. Let a be g(17). Is n(a) prime?
True
Suppose -7499 = -41*p + 24768. Is p prime?
True
Suppose 3*i + 2*i + 160 = 5*w, -4*w - 2*i = -140. Suppose 33*n - w*n = -557. Is n a composite number?
False
Let s(k) = -62*k**3 + k**2 + 2*k + 1. Let q be s(-1). Let x = q - 5. Is x prime?
False
Let h be 2 - 2*2/(-4). Suppose -h*f = 4*m - 26, 6 = f + 2*f. Suppose -128 + 698 = m*y + 5*c, -y + 4*c = -89. Is y a prime number?
True
Let c = 152109 - 105898. Is c prime?
False
Suppose 5*h - 16038 = 15107. Is h prime?
True
Let o(j) = 190*j**2 - 28*j + 197. Is o(9) a composite number?
True
Let l(o) = 193*o**2 + o - 81. Is l(-14) composite?
True
Suppose -22*v + 130643 = -613155. Is v a composite number?
False
Suppose -2*c = -6*c + 2132. Let m = c - -264. Is m a prime number?
True
Let i be -1*(3 - (-9)/3). Let k(o) = -130*o + 9. Is k(i) composite?
True
Is 4*(-5 - (-14959)/4*1) a composite number?
False
Let a be (-3260)/(-50) - (-3)/(-15). Let z(f) = f + 13. Let g be z(-9). Suppose 4*h - 260 = 6*n - n, h = g*n + a. Is h a composite number?
True
Suppose -2*x = 3*m - 27157, -4*x - 5*m = x - 67890. Is x a prime number?
True
Suppose -3*c = -3*q - 78, -4*c - 34 = -3*q - 111. Is (-8596)/(-10) - q/(-45) a prime number?
True
Let v(q) = q**3 - 3*q**2 + 4. Let x(g) = g**2 - 5*g - 19. Let j be x(8). Let h be v(j). Let o = h - 35. Is o a prime number?
True
Let q(w) be the third derivative of 67*w**6/120 - w**5/20 - w**4/12 - w**3/3 + 6*w**2. Is q(3) prime?
False
Suppose 18*t - 15084 - 3690 = 0. Is t a prime number?
False
Let g(q) = -2686*q + 281. Is g(-17) a composite number?
False
Let b(p) = -159*p + 40. Let r be b(7). Suppose 3*l = -443 - 4243. Let c = r - l. Is c a composite number?
True
Let i be (12/(-18))/((-3)/(-18)). Let h be (3/i)/((-6)/(-24)). Is (h + 704)/(2/2) composite?
False
Let y = 10458 + -3521. Is y prime?
False
Suppose -6*u - l + 14 = -2*u, 3*u + 2*l = 8. Is 2/(0 + u)*316 a prime number?
False
Suppose -2*h + 25 = -53. Suppose -3*r - h = -2*g, 5*r + 59 = -2*g + 5*g. Is (3573/g)/(1/2) a prime number?
True
Suppose y = -5*p - 22, 0*p - 5*p = -3*y + 34. Suppose -y*x + 4*f = -41, 0 = -x - f + 2. Let n = x + 310. Is n prime?
True
Let q = -472 + 724. Suppose -y + q = 35. Is y composite?
True
Let f be (14 - 12)*(-3)/(-2). Is 6*5 - (f - 4) composite?
False
Suppose -28*w - 29*w + 3038271 = 0. Is w a composite number?
True
Let o(t) = -1781*t - 82. Is o(-3) a prime number?
T